a be l(3). Let g = 2 - a. What is the remainder when 17 is divided by g?
8
Let z = 24 - 9. What is the remainder when 42 is divided by z?
12
Let x(u) = -u**3 - 4*u**2 + 3*u + 4. Let f be x(-5). Suppose 0 = -15*c + f*c + 6. What is the remainder when 21 is divided by c?
3
Suppose -q + 4*q - 5*d = 118, -4*q = 5*d - 134. Calculate the remainder when 142 is divided by q.
34
What is the remainder when 22 is divided by (-3 - -5)*(1 - -2)?
4
Let l be (0 - -2)*(-12)/(-8). Suppose -20 = -5*c, l*c - 9 = d - 2*c. What is the remainder when d is divided by 4?
3
Let s(f) = -f**2 + 8*f + 5. Suppose -7*w + 32 = -3*w. Let u be s(w). What is the remainder when 1/u + (-312)/(-15) is divided by 11?
10
Let p(v) = 4*v. Let z be (-2)/(-8) + 5/(-4). Let m = z + 6. What is the remainder when p(2) is divided by m?
3
Suppose -2*v = -4*v + 6. Suppose 3*a - 6 = -n - v, -2 = -2*a - 5*n. Calculate the remainder when 21/(-2)*(-1 - a) is divided by 11.
10
Let f(q) = 3*q**2 - 2*q - 2. Let l = -53 - -74. Calculate the remainder when l is divided by f(2).
3
Suppose 13 + 133 = 2*h. Let f(w) = -2*w**2 + 19*w + 1. Calculate the remainder when h is divided by f(8).
23
Let o = 18 - 14. Suppose 0*s - 2*s = -5*f + 27, 3*f - 37 = -o*s. What is the remainder when 25 is divided by f?
4
Let q(s) = 4*s**2 - 2*s - 3. Suppose 4 - 14 = 5*h. Calculate the remainder when 33 is divided by q(h).
16
Let p be (3/(-2))/((-3)/32). Suppose 3*j = -j + p. What is the remainder when 11 is divided by j?
3
Let w(f) = -f**3 - 5*f**2 - 4*f + 4. Calculate the remainder when w(-4) is divided by 2.
0
Let c(m) = -m**2 + 10*m - 7. What is the remainder when c(6) is divided by 10?
7
Suppose 4*l + 59 - 10 = -3*s, -s - l = 15. Let q be s/(3*3/9). Let f = -5 - q. Calculate the remainder when 17 is divided by f.
5
Let g(w) = -5*w - 7. Let x be g(-5). Let d be (-10)/4*(-12)/15. Suppose -p = d*p - x. Calculate the remainder when 11 is divided by p.
5
Suppose -2*x = -5*h - 118, 8*x + 4*h = 3*x + 229. Let n(y) = -14*y**3 - y**2 - y - 1. Calculate the remainder when x is divided by n(-1).
10
Suppose n = -r + 3 + 8, 0 = 5*r - 3*n - 39. Suppose 5*g - 194 = -19. Calculate the remainder when g is divided by r.
8
Let z = -75 - -116. Calculate the remainder when z is divided by (-8)/(-4 - 0) - -12.
13
Let t(i) = 14*i**2 + 2*i - 1. Suppose 0 = -3*d + u, 9 = -3*d + 3*u + u. What is the remainder when 27 is divided by t(d)?
12
Let d be (-39)/1 + -1 + 1. Let h = d + 71. What is the remainder when 63 is divided by h?
31
Suppose -n + 7 = -2*n + 3*r, 4 = -4*n + 4*r. Let d = 5 - n. Calculate the remainder when -3 - (0/1 + -11) is divided by d.
2
Let f be 2920/18 - 4/18. Suppose -3*b + f = b - 5*v, -42 = -b + 2*v. Suppose 2*l - 3*l = -b. What is the remainder when l is divided by 10?
8
Let a = 58 + -19. Calculate the remainder when a is divided by 6.
3
Suppose 4*d - 13 = -1. What is the remainder when 10 - (2 - (2 + 1)) is divided by d?
2
Let a be ((-3)/9)/((-3)/99). Let v = a + -2. Calculate the remainder when 16 is divided by v.
7
Suppose -4*j + v - 3*v = -4, -v = -4*j + 16. Suppose -j*y + 49 = -2. What is the remainder when 48 is divided by y?
14
Let a(m) = m**3 - m**2 - 4*m + 3. Let p be a(2). Let l be (-15)/(-6) - p/(-2). What is the remainder when l - -18 - 2/(-2) is divided by 11?
10
Suppose 0 = -3*l - o + 3*o + 25, 4*l - 4*o - 40 = 0. Suppose -l*k = -y - 71, -2*k + 7 = -5*y - 26. Calculate the remainder when (15/2)/(-5)*-18 is divided by k.
13
Suppose 210 = 18*w - 3*w. Calculate the remainder when w is divided by 4.
2
Let m be (-6)/15 - (-7)/5. Let f = -7 - -20. What is the remainder when (0 - -1)/(m/25) is divided by f?
12
Let d = 68 - 41. What is the remainder when d is divided by 15?
12
Suppose -4*x + 2 = -u + 18, 3*x + 29 = 5*u. Suppose 0 = -u*z + 7 + 9. Calculate the remainder when 10 is divided by z.
2
Let i = 176 + -126. Calculate the remainder when i is divided by (-476)/(-36) + (-6)/27.
11
Let l be 0/2 - (3 - 181). Let j = -103 + l. Suppose -j = -0*x - 5*x. Calculate the remainder when x is divided by 8.
7
Suppose 38 + 40 = 3*p. Calculate the remainder when 76 is divided by p.
24
Let g(y) = -y**3 + 10*y**2 - 3*y - 2. Let s be 9 + (5 - 1 - 2). Let o = 20 - s. What is the remainder when g(o) is divided by 18?
16
Let q(k) = k**2 - 4*k. Let y be q(5). Suppose 27 - 67 = -y*v. What is the remainder when v is divided by (-9)/((-9)/4) + 1?
3
Suppose -3*z + 50 = -8*s + 13*s, -s = -4. What is the remainder when (28/(-8))/((-2)/28) is divided by z?
9
Let t be 4/2*1 + 5. Suppose -t*l = -6*l - 13. Suppose 4*s = 2*y + 36, 3 = 5*s - 3*y - 44. What is the remainder when l is divided by s?
6
Suppose -3*a + 2*j + 16 = 0, -a - 1 = j + 2. What is the remainder when a is divided by 1?
0
Suppose -12*k = -16*k + 16. Calculate the remainder when 6 is divided by k.
2
Let w = 50 + -17. Let z(x) = -x**3 - x**2 + 8*x + 2. What is the remainder when w is divided by z(-4)?
15
Let k = -7 + 9. Suppose -3*c = 4*r - 120, 2*c + 0*r - 78 = -k*r. Calculate the remainder when c is divided by 13.
10
Suppose 0 = -4*z + f - 1 + 4, 0 = -z + 3*f - 2. Suppose -4*q = 3*p - 18, 2*q - 3*p - 19 + z = 0. What is the remainder when 17 is divided by q?
5
Let d = 14 - -3. What is the remainder when 64 is divided by d?
13
Suppose 0 = -h + 4*t + 142, -5*h + 754 = -t + 3*t. What is the remainder when h is divided by 38?
36
Let z(f) = 5*f**2 + f + 1. Let r(a) = -a**2 + a. Let y(l) = 4*r(l) + z(l). Let g be y(-4). Calculate the remainder when -51*-2*g/(-18) is divided by 6.
5
Let w(k) = -5*k**2 + 2 + 0 + 2*k**3 + 3*k - k**3. Let z be w(3). Let s = 10 - z. What is the remainder when 49 is divided by s?
15
Calculate the remainder when 154/(3 - (6 + -4)) is divided by 39.
37
Let x = 5 + -2. Suppose 3*y = -s + 15, 0 = -3*y - 0*y + 2*s + 15. Suppose 4*a - y*c = 4, 0*c - 36 = -4*a - x*c. Calculate the remainder when 10 is divided by a.
4
Suppose 5*c + 30 = 140. Calculate the remainder when c is divided by 8.
6
Let o be (-1 - 278)*(-5)/15. Let u = 13 + o. Suppose -5*n - 265 = -5*x, x + x - 3*n = u. What is the remainder when x is divided by 18?
17
Suppose 460 = -22*r + 26*r. Calculate the remainder when r is divided by 24.
19
Let s(n) be the first derivative of n**3/3 - 7*n**2 + 10*n - 1. Let k be s(9). Let m = 51 + k. What is the remainder when 46 is divided by m?
14
Suppose 8*q = 15*q - 1008. Calculate the remainder when q is divided by 49.
46
Suppose 0 = -5*l + 5*s + 5, -l - 3*s = -6*l + 15. Suppose 2*m - 3 = 2*i - 11, -3*i + 5*m + l = 0. Calculate the remainder when i is divided by 4.
3
Let v(t) = -9*t - 2. Let f(d) = d. Let x(i) = -4*f(i) - v(i). Suppose -5*h = -46 - 9. What is the remainder when x(6) is divided by h?
10
Suppose g + 8 = -3*g, 2*d + 4*g = 292. Let a = d - 105. Calculate the remainder when a is divided by 12.
9
Suppose f + 24 = 5*f. What is the remainder when 15 is divided by f?
3
Let p(l) = l**3 + 3*l**2 - 3*l + 4. Suppose 0 = -0*z - 3*z - 9. What is the remainder when -3 + 1/(-1) + 29 is divided by p(z)?
12
Let v(u) be the third derivative of u**6/120 + u**5/10 - u**4/12 + 5*u**3/6 - 2*u**2. Calculate the remainder when v(-5) is divided by (-1 - -4)/((-9)/(-42)).
12
Let a(x) = -x**3 + 6*x**2 - 3*x + 1. Calculate the remainder when 363/12 + 9/12 is divided by a(5).
9
Let w = -29 + 41. What is the remainder when 46 is divided by w?
10
Suppose -3*j + 151 = j + 5*k, 3*k = 2*j - 81. What is the remainder when j is divided by 11?
6
Let z(j) = -5 + j + 3*j - 3*j. Suppose 2*i - 5*b - 47 = 0, 4*b - 24 = i - 5*i. Calculate the remainder when i is divided by z(9).
3
Suppose 0 = 4*j + 4 - 56. Suppose -187 = -5*r + 58. What is the remainder when r is divided by j?
10
Let z = 6 - -6. What is the remainder when 6/((-678)/174 - -4) is divided by z?
10
Let h = 17 - -5. What is the remainder when 152 is divided by h?
20
Suppose 0 = 3*g + 4*s - 108, -s = 4*g + 45 - 176. Suppose w - 7 = g. What is the remainder when w is divided by 10?
9
Let n be 5/(5/(-4))*-2. Let o(m) = -m**3 + 7*m**2 + 7*m + 8. Let c be o(n). What is the remainder when 23 is divided by (19 - (3 - c))/2?
7
Let c = 19 - 9. What is the remainder when c is divided by 6?
4
Let y(g) = 2*g**2 - 6*g - 2. Let n be y(5). Suppose -5*m + n + 7 = 0. What is the remainder when 9 is divided by m?
4
Calculate the remainder